-7982. What is the tens digit of b?
7
Let v(w) = -2*w**2 - 10*w - 5. Let c be v(-4). Suppose -c*h = -5 - 4. Suppose -4*o = -h*o - 9. What is the units digit of o?
9
What is the units digit of 2/(-9) - (-433134)/486?
1
Let n(f) = f + 7. Let j be n(-3). Suppose -4*z + 264 = j*v, 0 = 2*z - 7*z - 10. What is the units digit of v?
8
Let g(k) = -5*k + 10. Let p(o) = 6*o**2 + 22*o - 2. Let m(r) = 5*r**2 + 21*r - 3. Let z(i) = 5*m(i) - 4*p(i). Let h be z(-17). What is the units digit of g(h)?
5
Let m(i) = i**2 - 15. Let y be m(0). What is the units digit of 29 - -5*6/y?
7
Suppose 0 = -24*z + 757 + 3875. What is the hundreds digit of z?
1
What is the hundreds digit of (266/(-95))/((-1)/40)?
1
Suppose 4*f - 12340 = 5*n, -2*f - 48*n + 6148 = -45*n. What is the units digit of f?
0
Let m(n) = 65*n - 129. What is the hundreds digit of m(21)?
2
Let b(l) = -4*l + 4. Let d be b(-2). Let j(t) = -t**3 + 13*t**2 - 10*t - 10. What is the units digit of j(d)?
4
Suppose 0 = 21*h - 16*h. Suppose -16 = 4*s + 2*n - 3*n, -4*s - 2*n - 4 = h. What is the units digit of 29 + 4/(-4) - s?
1
Let j = -124 + 295. What is the tens digit of j?
7
Let f(t) be the third derivative of t**4/4 - 7*t**3/6 + 11*t**2. What is the tens digit of f(5)?
2
Suppose 8*b - 567 = 1665. What is the units digit of b?
9
Suppose -30*j + 658 + 212 = 0. Suppose -2*u - 6 = -2*t, -5*t + u = 5*u - 60. Suppose w + t - j = 0. What is the tens digit of w?
2
Let d(c) = c**2 + 2*c - 3. Let w be 1/((-52)/16 + 3). What is the units digit of d(w)?
5
Let b(h) = -180*h - 3. Let z be b(-1). Suppose -108 - z = -5*y. Suppose 3*i = 6*i - y. What is the tens digit of i?
1
Suppose -16 = -5*w - 2*c, -5*w - 5*c = 10 - 35. What is the hundreds digit of w/2*1*229?
2
Let u(r) = -r**3 - 2*r + 2 + 8*r**2 + 8*r - 13 + 4. What is the hundreds digit of u(6)?
1
Suppose -53*n + 1845 = -48*n. What is the units digit of n?
9
Suppose 3*s = -5*a + 6280, -20*s - 1284 = -a - 15*s. What is the units digit of a?
9
Let l(s) = s + 28. Let x(g) = g + 28. Let z(a) = 4*l(a) - 3*x(a). Let d(f) = f + 7. Let h be d(-7). What is the units digit of z(h)?
8
Let y = 1678 + -312. What is the thousands digit of y?
1
Suppose -18*p + 960 = -3*p. Suppose -p - 40 = -13*b. What is the units digit of b?
8
Let x = 565 - 131. What is the units digit of x?
4
What is the tens digit of (-570 + 24)/(6/(-16)*2)?
2
Let r(h) = h**3 - 2*h**2 - 2*h + 27. Let w be r(0). Let b = 64 - w. What is the units digit of b?
7
Let a(r) = 35*r - 70. What is the tens digit of a(16)?
9
Let i(k) be the first derivative of k**3/3 + 13*k**2/2 + 3*k + 5. What is the units digit of i(4)?
1
Suppose 3*w + 439 = -98. Let g = w + 282. What is the hundreds digit of g?
1
Let p(j) = -7*j**3 - 8*j**2 - 16*j - 5. Let d(t) = -t**3 + t**2 - 1. Let w(k) = 6*d(k) - p(k). What is the units digit of w(-12)?
5
Suppose -5*u - g = 9, 5*u - 6*g = -2*g - 14. What is the tens digit of ((-616)/40)/(u/10)?
7
Suppose 9 = 4*c + 2*v - 15, 3*v = 3*c - 9. Let n be 5 - ((-5)/c)/1. What is the units digit of (-4)/n*-12 + -1?
7
Let c = -2086 + 3964. What is the thousands digit of c?
1
Suppose -4*i - i - 5*z = 825, 0 = -3*i + 5*z - 455. Let d = 271 + i. What is the tens digit of d?
1
Let n = -305 + 449. Suppose 0*o - 2*o = n. Let x = o + 133. What is the tens digit of x?
6
Let p(u) = 92*u**2 - 3*u + 4. Suppose -9 + 20 = 11*w. What is the units digit of p(w)?
3
Let r = -24 - -26. Suppose -r*u + 50 = -5*i - 15, -u + 3*i + 31 = 0. What is the tens digit of u?
4
Let b(w) = 6*w - 8. Let f be b(6). Let m = 196 + -148. Suppose m = 4*c - f. What is the units digit of c?
9
Let z be 4 + 1 + (0 - -3). Let s = z + -8. What is the units digit of 3 + (8/2 - s)?
7
Let s be (-304)/10 - (24/20)/2. Let p = 66 + s. What is the tens digit of p?
3
Suppose 2*l - l - 3 = 0. Suppose s - 48 = -l*s. What is the units digit of 4*1 + s + -10?
6
Let j = 25 + -25. Suppose 0 = 4*s - 2*z - 464, 5*z - 12 - 8 = j. What is the tens digit of s?
1
Let n be (-1 + (-26)/(-4))*-2. Let u = n + 2. What is the units digit of 2/u + 200/9?
2
What is the tens digit of 2905/9 - (238/63 + -4)?
2
Let z(v) = -4*v - 22. Suppose 40 = -54*o + 52*o. What is the tens digit of z(o)?
5
Let q be -80*((-192)/(-10))/(-6). What is the units digit of (-4)/(-6) + q/48?
6
Suppose 4*s = f + 447, 2*s + 111 = 3*s - f. What is the tens digit of s?
1
Let q = -1426 - -2061. What is the hundreds digit of q?
6
Let u(a) = 21*a + 86. What is the units digit of u(15)?
1
Suppose 3 = 2*o - o. Suppose 3*z = p - 2 + 12, -4*z = -12. What is the units digit of p*(-4 - o) - 2?
5
Suppose g = -5*l - 18, -3*g + l = 14 - 40. Let t(d) = 2*d. Let k be t(g). Let u = k + 22. What is the units digit of u?
6
Let x = 25 - 31. Let m be ((-9)/x)/(9/696). Suppose 0 = 2*k + 3*b - m, 4*b + 80 = k - 0*k. What is the tens digit of k?
6
Let p(a) = -a**2 - 2*a - 3. Let s be p(-3). Let r be 28/21*s/(-4). Suppose -r*f + 2*m = -54, 0*m + 106 = 3*f + 2*m. What is the tens digit of f?
3
Let u(l) = -25*l + 22. Let d be u(-12). Let q = d + -122. What is the hundreds digit of q?
2
Suppose -1 = 3*o - 4*k + 7, 0 = 3*o - 2*k - 2. Suppose 10 = -2*h + h + o*t, -12 = -4*t. Suppose -5*j - h*j = -203. What is the units digit of j?
9
Let t(r) = r**3 + 9*r**2 - r - 5. Let z be t(-9). Suppose -z*h + 198 = 26. What is the units digit of h?
3
Let t = 20 + -13. Suppose -4*x = -t*x + 36. Suppose -3*w + x = -0*w. What is the units digit of w?
4
Let h(p) = 10 - 9 + 10 + p + 3. Let r be h(-10). Suppose 4*b = 6*v - v + 167, -r*v = -4. What is the units digit of b?
3
What is the hundreds digit of (2680/6)/((-142)/(-213))?
6
Let g(w) = 39*w + 14. Suppose k - 16 = -3*k. What is the tens digit of g(k)?
7
Let m = -7 - 2. What is the tens digit of 6/m*261/(-6)?
2
Suppose 3*a + 1565 = k, 8*k + 5*a - 4709 = 5*k. What is the thousands digit of k?
1
Suppose -2*d + 10 = 3*d. Suppose 22 = d*w - 56. Suppose 53 = 4*y - w. What is the units digit of y?
3
Let k(a) = -a**2 - 9*a - 5. Suppose -11 - 5 = 2*v. Let g be k(v). Suppose g*z - 72 = -z. What is the units digit of z?
8
Let v(z) be the second derivative of 251*z**3/6 - 3*z**2/2 - 16*z. What is the hundreds digit of v(1)?
2
Suppose 0 = -5*m - 3850 + 10975. What is the tens digit of m?
2
What is the units digit of ((-717)/4)/(4/(-16))?
7
Let g(j) = -j**3 - 9*j**2 + 11*j + 13. Let l be g(-10). Let n be 3*17/l + 3. Suppose 2*v - 88 = -7*k + 2*k, n = 5*v. What is the tens digit of k?
1
Suppose -5*n + 13*n - 1904 = 0. Suppose 4*a = -g + n, -3*a = 2*g - 144 - 37. What is the units digit of a?
9
Let d(v) = -20*v - 5. Suppose 0*j - 8 = 2*j. What is the units digit of d(j)?
5
Suppose -842*s + 12304 = -834*s. What is the units digit of s?
8
Suppose r - 1118 = -459. What is the units digit of r?
9
Let l(n) = -n**3 + 30*n**2 + 73*n + 108. What is the thousands digit of l(31)?
1
Let k(a) = 18*a**2 - 12*a - 357. What is the hundreds digit of k(-16)?
4
Suppose 0 = -4*n - 0*n - 4*a, 30 = 5*n - 5*a. Suppose -n*f - 190 = -3*b - f, f + 5 = 0. What is the units digit of b?
0
Suppose -5*v + 0*z + 65 = 5*z, 0 = -2*v + 5*z + 19. Let p(r) = -r**3 + 4*r**2 - 2*r + 5. Let o be p(4). Let h = o + v. What is the units digit of h?
9
Let v(u) = u**2 + u - 6. Suppose -5 = -4*t - 17. Let y be v(t). Suppose -i + y*i = -o + 13, -5*o + 29 = 4*i. What is the units digit of o?
9
What is the tens digit of (2815/(-3))/(-2 + (-15)/(-9))?
1
Suppose 2*m - 15206 = -4*t, -2*t - 4*m + 4994 + 2612 = 0. What is the tens digit of t?
0
Suppose 0 = -y + 2661 - 192. What is the hundreds digit of y?
4
Let k be (-49)/(-21) - 1/3. Suppose w + k*l = 31, 2*w - 29 = l + 8. What is the units digit of (0 - w/3)/(-1)?
7
What is the hundreds digit of (4 - (-3282)/21)*7?
1
Let d(x) = -x**3 - 14*x**2 - 4*x - 18. Suppose 0 = -6*b - 2*b - 112. What is the units digit of d(b)?
8
Suppose 0 = 2*b + 5*b - 77. Let k(v) = v**2 - 4*v + 15. What is the units digit of k(b)?
2
What is the units digit of (3 + -2)*(12 - 8) - -2710?
4
Let z(n) = 0*n**3 - 2*n**3 - 81*n**2 + 5 + 80*n**2. Let p(c) = c + 3. Let u be p(-6). What is the tens digit of z(u)?
5
Suppose 0 = 21*n - 155*n + 561460. What is the hundreds digit of n?
1
Suppose 2*g + 7*g = 4*g. Suppose -w + 5*w = 3*o + 451, 2*w - 4*o - 218 = g. What is the units digit of w?
5
Suppose -8*w + 12662 = -6594. What is the hundreds digit 